hat is the millions digit of 14240780?
4
What is the ten thousands digit of 11664275?
6
What is the thousands digit of 1488056?
8
What is the tens digit of 78445?
4
What is the tens digit of 581347?
4
What is the hundreds digit of 19227325?
3
What is the tens digit of 5426687?
8
What is the hundreds digit of 35218?
2
What is the hundred thousands digit of 4565905?
5
What is the tens digit of 762501?
0
What is the hundred thousands digit of 6781546?
7
What is the hundreds digit of 643896?
8
What is the hundred thousands digit of 3395252?
3
What is the units digit of 286891?
1
What is the hundred thousands digit of 174466?
1
What is the ten millions digit of 10754763?
1
What is the millions digit of 5357151?
5
What is the hundreds digit of 572554?
5
What is the hundreds digit of 117834?
8
What is the hundred thousands digit of 376277?
3
What is the units digit of 7535929?
9
What is the tens digit of 96824?
2
What is the thousands digit of 12953?
2
What is the units digit of 1325581?
1
What is the millions digit of 8323630?
8
What is the units digit of 10943660?
0
What is the thousands digit of 152759?
2
What is the tens digit of 891380?
8
What is the millions digit of 17358733?
7
What is the millions digit of 1300671?
1
What is the hundred thousands digit of 8489335?
4
What is the thousands digit of 10560720?
0
What is the hundreds digit of 9814871?
8
What is the thousands digit of 492877?
2
What is the units digit of 62653?
3
What is the tens digit of 196774?
7
What is the tens digit of 529325?
2
What is the millions digit of 1299615?
1
What is the thousands digit of 530155?
0
What is the hundred thousands digit of 14604391?
6
What is the hundred thousands digit of 409557?
4
What is the units digit of 1896549?
9
What is the thousands digit of 999599?
9
What is the thousands digit of 106521?
6
What is the thousands digit of 544903?
4
What is the hundreds digit of 176826?
8
What is the hundred thousands digit of 13185124?
1
What is the ten thousands digit of 452620?
5
What is the tens digit of 881706?
0
What is the thousands digit of 1702148?
2
What is the thousands digit of 1385787?
5
What is the tens digit of 244775?
7
What is the ten millions digit of 10565672?
1
What is the millions digit of 5308929?
5
What is the thousands digit of 10835?
0
What is the thousands digit of 51950?
1
What is the thousands digit of 919600?
9
What is the thousands digit of 199755?
9
What is the ten thousands digit of 265933?
6
What is the thousands digit of 254710?
4
What is the thousands digit of 5406518?
6
What is the thousands digit of 148320?
8
What is the ten thousands digit of 5133396?
3
What is the ten thousands digit of 511964?
1
What is the tens digit of 138773?
7
What is the hundreds digit of 81392?
3
What is the units digit of 17282036?
6
What is the ten thousands digit of 308738?
0
What is the units digit of 4815645?
5
What is the ten millions digit of 23267845?
2
What is the thousands digit of 3996272?
6
What is the ten thousands digit of 105113?
0
What is the units digit of 46256?
6
What is the tens digit of 193701?
0
What is the tens digit of 825823?
2
What is the ten thousands digit of 1367178?
6
What is the hundreds digit of 147441?
4
What is the thousands digit of 819252?
9
What is the tens digit of 176583?
8
What is the hundred thousands digit of 5246300?
2
What is the hundred thousands digit of 218263?
2
What is the units digit of 256069?
9
What is the ten thousands digit of 16567504?
6
What is the hundreds digit of 399525?
5
What is the hundred thousands digit of 5336885?
3
What is the ten thousands digit of 13304680?
0
What is the hundred thousands digit of 279486?
2
What is the tens digit of 442119?
1
What is the tens digit of 2908117?
1
What is the ten thousands digit of 8608448?
0
What is the millions digit of 10448842?
0
What is the thousands digit of 111909?
1
What is the hundreds digit of 105587?
5
What is the hundreds digit of 297013?
0
What is the hundred thousands digit of 1444212?
4
What is the hundred thousands digit of 2310341?
3
What is the hundreds digit of 826293?
2
What is the hundreds digit of 239277?
2
What is the units digit of 5601921?
1
What is the tens digit of 234250?
5
What is the units digit of 584068?
8
What is the tens digit of 6720622?
2
What is the hundred thousands digit of 7002656?
0
What is the hundreds digit of 2349398?
3
What is the thousands digit of 5036408?
6
What is the ten thousands digit of 448539?
4
What is the ten thousands digit of 96302?
9
What is the hundreds digit of 3575867?
8
What is the hundreds digit of 1026494?
4
What is the millions digit of 38243586?
8
What is the tens digit of 636397?
9
What is the hundreds digit of 1941803?
8
What is the tens digit of 5007880?
8
What is the thousands digit of 1342491?
2
What is the thousands digit of 138069?
8
What is the hundreds digit of 235643?
6
What is the thousands digit of 1168481?
8
What is the ten thousands digit of 38685?
3
What is the thousands digit of 2620189?
0
What is the ten thousands digit of 73069?
7
What is the hundreds digit of 97234?
2
What is the hundred thousands digit of 619555?
6
What is the tens digit of 12793962?
6
What is the ten thousands digit of 4447485?
4
What is the tens digit of 3999288?
8
What is the hundred thousands digit of 696647?
6
What is the hundreds digit of 24306?
3
What is the tens digit of 906542?
4
What is the thousands digit of 60169?
0
What is the hundreds digit of 4272852?
8
What is the tens digit of 627716?
1
What is the ten thousands digit of 10036208?
3
What is the units digit of 74477?
7
What is the units digit of 352325?
5
What is the hundred thousands digit of 1459672?
4
What is the tens digit of 245510?
1
What is the ten millions digit of 34983153?
3
What is the tens digit of 10450037?
3
What is the thousands digit of 207539?
7
What is the millions digit of 12706245?
2
What is the hundreds digit of 1239410?
4
What is the ten thousands digit of 163454?
6
What is the thousands digit of 412542?
2
What is the tens digit of 1001030?
3
What is the millions digit of 2819344?
2
What is the hundred thousands digit of 6323416?
3
What is the tens digit of 315944?
4
What is the tens digit of 111142?
4
What is the tens digit of 21851004?
0
What is the hundred thousands digit of 596386?
5
What is the ten thousands digit of 430412?
3
What is the hundreds digit of 2693482?
4
What is the tens digit of 166208?
0
What is the hundred thousands digit of 293237?
2
What is the ten thousands digit of 484346?
8
What is the units digit of 2839220?
0
What is the ten thousands digit of 8593144?
9
What is the ten thousands digit of 15815085?
1
What is the ten thousands digit of 7933422?
3
What is the hundreds digit of 6021069?
0
What is the units digit of 133977?
7
What is the hundreds digit of 3776191?
1
What is the hundreds digit of 1663421?
4
What is the ten thousands digit of 6359277?
5
What is the ten thousands digit of 699426?
9
What is the ten thousands digit of 1893481?
9
What is the hundreds digit of 53392?
3
What is the hundreds digit of 448733?
7
What is the tens digit of 2355926?
2
What is the units digit of 1224898?
8
What is the ten thousands digit of 3101636?
0
What is the hundreds digit of 89769?
7
What is the thousands digit of 5598005?
8
What is the units digit of 4362502?
2
What is the tens digit of 653978?
7
What is the hundreds digit of 3258570?
5
What is the ten thousands digit of 236160?
3
What is the units digit of 18601?
1
What is the tens digit of 1859378?
7
What is the ten millions digit of 27823152?
2
What is the units digit of 2436877?
7
What is the millions digit of 13456218?
3
What is the hundreds digit of 927193?
1
What is the hundreds digit of 144441?
4
What is the hundred thousands digit of 129989?
1
What is the hundred thousands digit of 3037260?
0
What is the millions digit of 4231260?
4
What is the thousands digit of 513933?
3
What is the hundred thousands digit of 2204348?
2
What is the tens digit of 704029?
2
What is the thousands digit of 12705888?
5
What is the millions digit of 3662492?
3
What is the tens digit of 6396373?
7
What is the ten millions digit of 14906360?
1
What is the thousands digit of 361584?
1
What is the hundreds digit of 4270762?
7
What is the hundreds digit of 6